r of 144 and 10.
2
What is the greatest common divisor of 535 and 5671?
107
Calculate the highest common divisor of 1898 and 13.
13
Calculate the highest common factor of 88692 and 57.
57
Calculate the highest common divisor of 3576 and 24.
24
Calculate the highest common factor of 6844 and 232.
116
Calculate the greatest common factor of 60 and 440.
20
Calculate the highest common factor of 2100 and 1380.
60
What is the greatest common factor of 16 and 72?
8
What is the highest common divisor of 195 and 1014?
39
Calculate the greatest common divisor of 216 and 1512.
216
What is the greatest common factor of 92 and 20?
4
What is the highest common factor of 5523 and 21?
21
What is the greatest common factor of 24 and 2?
2
Calculate the highest common divisor of 76 and 16.
4
Calculate the greatest common factor of 210 and 1610.
70
Calculate the highest common factor of 242 and 44.
22
Calculate the highest common factor of 161 and 55223.
161
Calculate the greatest common divisor of 6 and 129.
3
Calculate the greatest common factor of 1166 and 22.
22
Calculate the greatest common factor of 11882 and 130.
26
Calculate the highest common factor of 2820 and 120.
60
Calculate the greatest common factor of 294 and 18.
6
Calculate the highest common factor of 4655 and 2205.
245
What is the highest common divisor of 114 and 988?
38
Calculate the greatest common divisor of 184 and 24.
8
What is the highest common factor of 3620 and 320?
20
What is the highest common factor of 6136 and 312?
104
Calculate the greatest common factor of 20 and 6660.
20
What is the highest common factor of 48680 and 40?
40
What is the greatest common divisor of 42370 and 76?
38
What is the highest common factor of 1275 and 1425?
75
Calculate the highest common factor of 100 and 2350.
50
Calculate the greatest common divisor of 28 and 2828.
28
Calculate the greatest common divisor of 20192 and 64.
32
What is the highest common factor of 270 and 390?
30
What is the highest common divisor of 20 and 80?
20
Calculate the greatest common divisor of 2197 and 39.
13
Calculate the highest common factor of 6 and 1458.
6
What is the greatest common divisor of 28 and 7?
7
Calculate the highest common factor of 10346 and 6.
2
Calculate the greatest common divisor of 3283 and 1474.
67
What is the greatest common divisor of 656 and 176?
16
Calculate the greatest common divisor of 73066 and 307.
307
Calculate the greatest common factor of 6943 and 131.
131
What is the greatest common divisor of 82 and 5207?
41
What is the highest common divisor of 175 and 14?
7
What is the greatest common divisor of 8 and 40?
8
Calculate the highest common divisor of 16 and 944.
16
What is the greatest common divisor of 75 and 120?
15
Calculate the highest common divisor of 80 and 28.
4
What is the highest common divisor of 40 and 92?
4
What is the highest common factor of 1023 and 33?
33
What is the highest common divisor of 50432 and 256?
256
What is the greatest common divisor of 1 and 7?
1
Calculate the highest common divisor of 665 and 2793.
133
What is the highest common factor of 80 and 1820?
20
Calculate the highest common divisor of 9991 and 388.
97
What is the greatest common factor of 72 and 480?
24
What is the greatest common factor of 1946 and 14?
14
What is the greatest common divisor of 1660 and 4?
4
Calculate the highest common divisor of 225 and 525.
75
Calculate the highest common divisor of 1919 and 404.
101
What is the highest common divisor of 3025 and 75?
25
What is the greatest common divisor of 261 and 36?
9
Calculate the highest common factor of 45132 and 12.
12
Calculate the highest common factor of 12 and 18.
6
What is the highest common divisor of 64 and 1168?
16
Calculate the greatest common factor of 975 and 78.
39
Calculate the greatest common factor of 12 and 48.
12
What is the highest common factor of 297 and 351?
27
What is the highest common factor of 4321 and 232?
29
What is the highest common divisor of 24 and 42?
6
What is the highest common divisor of 33 and 9273?
33
What is the highest common factor of 60 and 345?
15
What is the highest common factor of 4747 and 303?
101
Calculate the highest common factor of 42 and 105.
21
What is the greatest common factor of 240 and 96?
48
What is the greatest common factor of 4764 and 24?
12
What is the highest common divisor of 1080 and 80?
40
Calculate the greatest common factor of 70 and 364.
14
What is the highest common divisor of 61650 and 1350?
450
What is the greatest common divisor of 106 and 2?
2
Calculate the greatest common divisor of 276 and 10580.
92
Calculate the highest common factor of 472 and 64.
8
What is the greatest common factor of 657 and 36?
9
What is the greatest common factor of 24 and 1280?
8
What is the greatest common factor of 210 and 63?
21
What is the greatest common divisor of 159 and 3975?
159
What is the highest common divisor of 79 and 237?
79
Calculate the highest common factor of 1465 and 1172.
293
Calculate the highest common factor of 9 and 1608.
3
What is the highest common divisor of 2484 and 810?
54
What is the highest common divisor of 36 and 12?
12
Calculate the greatest common factor of 8 and 6152.
8
What is the greatest common divisor of 12 and 102?
6
What is the highest common factor of 2442 and 12?
6
Calculate the greatest common divisor of 5196 and 12.
12
Calculate the highest common divisor of 368 and 4508.
92
What is the greatest common divisor of 1377 and 54?
27
What is the highest common factor of 85 and 1680?
5
What is the greatest common divisor of 304 and 1968?
16
Calculate the greatest common factor of 4 and 13700.
4
What is the highest common factor of 3100 and 1800?
100
What is the greatest common factor of 420 and 110460?
420
Calculate the highest common divisor of 8827 and 194.
97
What is the highest common divisor of 1220 and 20?
20
What is the greatest common factor of 3 and 2481?
3
Calculate the highest common factor of 171 and 18639.
171
Calculate the highest common divisor of 64 and 11488.
32
What is the highest common divisor of 3696 and 16?
16
What is the highest common divisor of 224 and 48?
16
What is the greatest common divisor of 189 and 294?
21
What is the highest common divisor of 4641 and 13?
13
What is the highest common divisor of 912 and 6156?
228
Calculate the greatest common divisor of 12 and 324.
12
What is the greatest common factor of 288 and 2412?
36
Calculate the highest common divisor of 7 and 91.
7
What is the highest common divisor of 63 and 84?
21
What is the greatest common divisor of 62 and 155?
31
Calculate the greatest common factor of 16 and 7920.
16
What is the greatest common factor of 186 and 372?
186
Calculate the highest common divisor of 247 and 39.
13
What is the highest common factor of 3427 and 23?
23
What is the greatest common divisor of 7738 and 159?
53
What is the greatest common factor of 4980 and 50?
10
What is the greatest common factor of 1785 and 51?
51
Calculate the greatest common factor of 12 and 31446.
6
Calculate the highest common factor of 84 and 1944.
12
What is the highest common factor of 3526 and 82?
82
Calculate the highest common factor of 4450 and 356.
178
Calculate the greatest common factor of 95 and 304.
19
Calculate the highest common factor of 208 and 1118.
26
What is the highest common divisor of 715 and 2420?
55
Calculate the greatest common divisor of 3611 and 69.
23
Calculate the greatest common divisor of 1677 and 156.
39
Calculate the greatest common factor of 117 and 52.
13
Calculate the greatest common factor of 75 and 525.
75
What is the greatest common factor of 76 and 1292?
76
What is the greatest common factor of 1700 and 1?
1
Calculate the greatest common divisor of 20 and 305.
5
What is the greatest common divisor of 19 and 779?
19
Calculate the greatest common factor of 11 and 2959.
11
What is the highest common factor of 10 and 10660?
10
What is the greatest common factor of 192 and 168?
24
Calculate the greatest common divisor of 1450 and 638.
58
What is the greatest common factor of 137 and 23?
1
What is the greatest common divisor of 21 and 413?
7
Calculate the highest common factor of 40 and 1630.
10
What is the highest common divisor of 182 and 1547?
91
What is the greatest co